{"id":17903,"date":"2021-05-20T10:00:26","date_gmt":"2021-05-20T09:00:26","guid":{"rendered":"https:\/\/despensafranciscana.com\/?post_type=product&#038;p=17903"},"modified":"2026-04-22T19:38:19","modified_gmt":"2026-04-22T18:38:19","slug":"fraca-de-escabeche","status":"publish","type":"product","link":"https:\/\/despensafranciscana.com\/de\/loja\/fraca-de-escabeche\/","title":{"rendered":"Fraca de Escabeche"},"content":{"rendered":"","protected":false},"excerpt":{"rendered":"<p>Cada frasco representa uma viagem ao cora\u00e7\u00e3o da gastronomia alentejana.<br \/>\nProduzidos pelo reconhecido Chef Jos\u00e9 J\u00falio Vint\u00e9m, estas iguarias s\u00e3o feitas com base em receitas tradicionais e regionais, com o compromisso de oferecer um sabor aut\u00eantico.<br \/>\nSem corantes ou conservantes artificiais, cada frasco reflete a pureza e o respeito pelos ingredientes de qualidade.<br \/>\nExiste um grande cuidado na conserva\u00e7\u00e3o gra\u00e7as ao uso de vinagres, pasteuriza\u00e7\u00e3o e um fecho em v\u00e1cuo, garantindo que cada sabor chegue a cada mesa com a m\u00e1xima frescura.<br \/>\nEste produto poder ser usado como aperitivo, acompanhado de p\u00e3o ou tostas ou como prato principal com arroz, massa ou como empada.<\/p>","protected":false},"featured_media":17905,"template":"","meta":[],"product_brand":[],"product_cat":[40],"product_tag":[158],"class_list":{"0":"post-17903","1":"product","2":"type-product","3":"status-publish","4":"has-post-thumbnail","6":"product_cat-petiscos","7":"product_tag-enfrascados","9":"first","10":"instock","11":"taxable","12":"shipping-taxable","13":"purchasable","14":"product-type-simple"},"yoast_head":"<!-- This site is optimized with the Yoast SEO plugin v27.4 - https:\/\/yoast.com\/product\/yoast-seo-wordpress\/ -->\n<title>Fraca de Escabeche - Despensa Franciscana<\/title>\n<meta name=\"robots\" content=\"index, follow, max-snippet:-1, max-image-preview:large, max-video-preview:-1\" \/>\n<link rel=\"canonical\" href=\"https:\/\/despensafranciscana.com\/de\/loja\/fraca-de-escabeche\/\" \/>\n<meta property=\"og:locale\" content=\"de_DE\" \/>\n<meta property=\"og:type\" content=\"article\" \/>\n<meta property=\"og:title\" content=\"Fraca de Escabeche - Despensa Franciscana\" \/>\n<meta property=\"og:description\" content=\"Cada frasco representa uma viagem ao cora\u00e7\u00e3o da gastronomia alentejana. Produzidos pelo reconhecido Chef Jos\u00e9 J\u00falio Vint\u00e9m, estas iguarias s\u00e3o feitas com base em receitas tradicionais e regionais, com o compromisso de oferecer um sabor aut\u00eantico. Sem corantes ou conservantes artificiais, cada frasco reflete a pureza e o respeito pelos ingredientes de qualidade. Existe um grande cuidado na conserva\u00e7\u00e3o gra\u00e7as ao uso de vinagres, pasteuriza\u00e7\u00e3o e um fecho em v\u00e1cuo, garantindo que cada sabor chegue a cada mesa com a m\u00e1xima frescura. Este produto poder ser usado como aperitivo, acompanhado de p\u00e3o ou tostas ou como prato principal com arroz, massa ou como empada.\" \/>\n<meta property=\"og:url\" content=\"https:\/\/despensafranciscana.com\/de\/loja\/fraca-de-escabeche\/\" \/>\n<meta property=\"og:site_name\" content=\"Despensa Franciscana\" \/>\n<meta property=\"article:publisher\" content=\"https:\/\/www.facebook.com\/despensafranciscana\/\" \/>\n<meta property=\"article:modified_time\" content=\"2026-04-22T18:38:19+00:00\" \/>\n<meta property=\"og:image\" content=\"https:\/\/despensafranciscana.com\/wp-content\/uploads\/2026\/03\/3.jpg\" \/>\n\t<meta property=\"og:image:width\" content=\"899\" \/>\n\t<meta property=\"og:image:height\" content=\"899\" \/>\n\t<meta property=\"og:image:type\" content=\"image\/jpeg\" \/>\n<meta name=\"twitter:card\" content=\"summary_large_image\" \/>\n<meta name=\"twitter:label1\" content=\"Gesch\u00e4tzte Lesezeit\" \/>\n\t<meta name=\"twitter:data1\" content=\"1\u00a0Minute\" \/>\n<script type=\"application\/ld+json\" class=\"yoast-schema-graph\">{\"@context\":\"https:\\\/\\\/schema.org\",\"@graph\":[{\"@type\":\"WebPage\",\"@id\":\"https:\\\/\\\/despensafranciscana.com\\\/loja\\\/fraca-de-escabeche\\\/\",\"url\":\"https:\\\/\\\/despensafranciscana.com\\\/loja\\\/fraca-de-escabeche\\\/\",\"name\":\"Fraca de Escabeche - Despensa Franciscana\",\"isPartOf\":{\"@id\":\"https:\\\/\\\/despensafranciscana.com\\\/#website\"},\"primaryImageOfPage\":{\"@id\":\"https:\\\/\\\/despensafranciscana.com\\\/loja\\\/fraca-de-escabeche\\\/#primaryimage\"},\"image\":{\"@id\":\"https:\\\/\\\/despensafranciscana.com\\\/loja\\\/fraca-de-escabeche\\\/#primaryimage\"},\"thumbnailUrl\":\"https:\\\/\\\/despensafranciscana.com\\\/wp-content\\\/uploads\\\/2026\\\/03\\\/3.jpg\",\"datePublished\":\"2021-05-20T09:00:26+00:00\",\"dateModified\":\"2026-04-22T18:38:19+00:00\",\"breadcrumb\":{\"@id\":\"https:\\\/\\\/despensafranciscana.com\\\/loja\\\/fraca-de-escabeche\\\/#breadcrumb\"},\"inLanguage\":\"de\",\"potentialAction\":[{\"@type\":\"ReadAction\",\"target\":[\"https:\\\/\\\/despensafranciscana.com\\\/loja\\\/fraca-de-escabeche\\\/\"]}]},{\"@type\":\"ImageObject\",\"inLanguage\":\"de\",\"@id\":\"https:\\\/\\\/despensafranciscana.com\\\/loja\\\/fraca-de-escabeche\\\/#primaryimage\",\"url\":\"https:\\\/\\\/despensafranciscana.com\\\/wp-content\\\/uploads\\\/2026\\\/03\\\/3.jpg\",\"contentUrl\":\"https:\\\/\\\/despensafranciscana.com\\\/wp-content\\\/uploads\\\/2026\\\/03\\\/3.jpg\",\"width\":899,\"height\":899},{\"@type\":\"BreadcrumbList\",\"@id\":\"https:\\\/\\\/despensafranciscana.com\\\/loja\\\/fraca-de-escabeche\\\/#breadcrumb\",\"itemListElement\":[{\"@type\":\"ListItem\",\"position\":1,\"name\":\"In\u00edcio\",\"item\":\"https:\\\/\\\/despensafranciscana.com\\\/\"},{\"@type\":\"ListItem\",\"position\":2,\"name\":\"Loja\",\"item\":\"https:\\\/\\\/despensafranciscana.com\\\/loja\\\/\"},{\"@type\":\"ListItem\",\"position\":3,\"name\":\"Fraca de Escabeche\"}]},{\"@type\":\"WebSite\",\"@id\":\"https:\\\/\\\/despensafranciscana.com\\\/#website\",\"url\":\"https:\\\/\\\/despensafranciscana.com\\\/\",\"name\":\"Despensa Franciscana\",\"description\":\"Despensa Franciscana\",\"publisher\":{\"@id\":\"https:\\\/\\\/despensafranciscana.com\\\/#organization\"},\"potentialAction\":[{\"@type\":\"SearchAction\",\"target\":{\"@type\":\"EntryPoint\",\"urlTemplate\":\"https:\\\/\\\/despensafranciscana.com\\\/?s={search_term_string}\"},\"query-input\":{\"@type\":\"PropertyValueSpecification\",\"valueRequired\":true,\"valueName\":\"search_term_string\"}}],\"inLanguage\":\"de\"},{\"@type\":\"Organization\",\"@id\":\"https:\\\/\\\/despensafranciscana.com\\\/#organization\",\"name\":\"Despensa Franciscana\",\"url\":\"https:\\\/\\\/despensafranciscana.com\\\/\",\"logo\":{\"@type\":\"ImageObject\",\"inLanguage\":\"de\",\"@id\":\"https:\\\/\\\/despensafranciscana.com\\\/#\\\/schema\\\/logo\\\/image\\\/\",\"url\":\"https:\\\/\\\/despensafranciscana.com\\\/wp-content\\\/uploads\\\/2025\\\/02\\\/despensa-franciscana-revamp-logos-8.png\",\"contentUrl\":\"https:\\\/\\\/despensafranciscana.com\\\/wp-content\\\/uploads\\\/2025\\\/02\\\/despensa-franciscana-revamp-logos-8.png\",\"width\":1920,\"height\":628,\"caption\":\"Despensa Franciscana\"},\"image\":{\"@id\":\"https:\\\/\\\/despensafranciscana.com\\\/#\\\/schema\\\/logo\\\/image\\\/\"},\"sameAs\":[\"https:\\\/\\\/www.facebook.com\\\/despensafranciscana\\\/\",\"https:\\\/\\\/www.instagram.com\\\/despensafranciscana\\\/\"]}]}<\/script>\n<!-- \/ Yoast SEO plugin. -->","yoast_head_json":{"title":"Fraca de Escabeche - Despensa Franciscana","robots":{"index":"index","follow":"follow","max-snippet":"max-snippet:-1","max-image-preview":"max-image-preview:large","max-video-preview":"max-video-preview:-1"},"canonical":"https:\/\/despensafranciscana.com\/de\/loja\/fraca-de-escabeche\/","og_locale":"de_DE","og_type":"article","og_title":"Fraca de Escabeche - Despensa Franciscana","og_description":"Cada frasco representa uma viagem ao cora\u00e7\u00e3o da gastronomia alentejana. Produzidos pelo reconhecido Chef Jos\u00e9 J\u00falio Vint\u00e9m, estas iguarias s\u00e3o feitas com base em receitas tradicionais e regionais, com o compromisso de oferecer um sabor aut\u00eantico. Sem corantes ou conservantes artificiais, cada frasco reflete a pureza e o respeito pelos ingredientes de qualidade. Existe um grande cuidado na conserva\u00e7\u00e3o gra\u00e7as ao uso de vinagres, pasteuriza\u00e7\u00e3o e um fecho em v\u00e1cuo, garantindo que cada sabor chegue a cada mesa com a m\u00e1xima frescura. Este produto poder ser usado como aperitivo, acompanhado de p\u00e3o ou tostas ou como prato principal com arroz, massa ou como empada.","og_url":"https:\/\/despensafranciscana.com\/de\/loja\/fraca-de-escabeche\/","og_site_name":"Despensa Franciscana","article_publisher":"https:\/\/www.facebook.com\/despensafranciscana\/","article_modified_time":"2026-04-22T18:38:19+00:00","og_image":[{"width":899,"height":899,"url":"https:\/\/despensafranciscana.com\/wp-content\/uploads\/2026\/03\/3.jpg","type":"image\/jpeg"}],"twitter_card":"summary_large_image","twitter_misc":{"Gesch\u00e4tzte Lesezeit":"1\u00a0Minute"},"schema":{"@context":"https:\/\/schema.org","@graph":[{"@type":"WebPage","@id":"https:\/\/despensafranciscana.com\/loja\/fraca-de-escabeche\/","url":"https:\/\/despensafranciscana.com\/loja\/fraca-de-escabeche\/","name":"Fraca de Escabeche - Despensa Franciscana","isPartOf":{"@id":"https:\/\/despensafranciscana.com\/#website"},"primaryImageOfPage":{"@id":"https:\/\/despensafranciscana.com\/loja\/fraca-de-escabeche\/#primaryimage"},"image":{"@id":"https:\/\/despensafranciscana.com\/loja\/fraca-de-escabeche\/#primaryimage"},"thumbnailUrl":"https:\/\/despensafranciscana.com\/wp-content\/uploads\/2026\/03\/3.jpg","datePublished":"2021-05-20T09:00:26+00:00","dateModified":"2026-04-22T18:38:19+00:00","breadcrumb":{"@id":"https:\/\/despensafranciscana.com\/loja\/fraca-de-escabeche\/#breadcrumb"},"inLanguage":"de","potentialAction":[{"@type":"ReadAction","target":["https:\/\/despensafranciscana.com\/loja\/fraca-de-escabeche\/"]}]},{"@type":"ImageObject","inLanguage":"de","@id":"https:\/\/despensafranciscana.com\/loja\/fraca-de-escabeche\/#primaryimage","url":"https:\/\/despensafranciscana.com\/wp-content\/uploads\/2026\/03\/3.jpg","contentUrl":"https:\/\/despensafranciscana.com\/wp-content\/uploads\/2026\/03\/3.jpg","width":899,"height":899},{"@type":"BreadcrumbList","@id":"https:\/\/despensafranciscana.com\/loja\/fraca-de-escabeche\/#breadcrumb","itemListElement":[{"@type":"ListItem","position":1,"name":"In\u00edcio","item":"https:\/\/despensafranciscana.com\/"},{"@type":"ListItem","position":2,"name":"Loja","item":"https:\/\/despensafranciscana.com\/loja\/"},{"@type":"ListItem","position":3,"name":"Fraca de Escabeche"}]},{"@type":"WebSite","@id":"https:\/\/despensafranciscana.com\/#website","url":"https:\/\/despensafranciscana.com\/","name":"Franziskanische Speisekammer","description":"Franziskanische Speisekammer","publisher":{"@id":"https:\/\/despensafranciscana.com\/#organization"},"potentialAction":[{"@type":"SearchAction","target":{"@type":"EntryPoint","urlTemplate":"https:\/\/despensafranciscana.com\/?s={search_term_string}"},"query-input":{"@type":"PropertyValueSpecification","valueRequired":true,"valueName":"search_term_string"}}],"inLanguage":"de"},{"@type":"Organization","@id":"https:\/\/despensafranciscana.com\/#organization","name":"Franziskanische Speisekammer","url":"https:\/\/despensafranciscana.com\/","logo":{"@type":"ImageObject","inLanguage":"de","@id":"https:\/\/despensafranciscana.com\/#\/schema\/logo\/image\/","url":"https:\/\/despensafranciscana.com\/wp-content\/uploads\/2025\/02\/despensa-franciscana-revamp-logos-8.png","contentUrl":"https:\/\/despensafranciscana.com\/wp-content\/uploads\/2025\/02\/despensa-franciscana-revamp-logos-8.png","width":1920,"height":628,"caption":"Despensa Franciscana"},"image":{"@id":"https:\/\/despensafranciscana.com\/#\/schema\/logo\/image\/"},"sameAs":["https:\/\/www.facebook.com\/despensafranciscana\/","https:\/\/www.instagram.com\/despensafranciscana\/"]}]}},"_links":{"self":[{"href":"https:\/\/despensafranciscana.com\/de\/wp-json\/wp\/v2\/product\/17903","targetHints":{"allow":["GET"]}}],"collection":[{"href":"https:\/\/despensafranciscana.com\/de\/wp-json\/wp\/v2\/product"}],"about":[{"href":"https:\/\/despensafranciscana.com\/de\/wp-json\/wp\/v2\/types\/product"}],"wp:featuredmedia":[{"embeddable":true,"href":"https:\/\/despensafranciscana.com\/de\/wp-json\/wp\/v2\/media\/17905"}],"wp:attachment":[{"href":"https:\/\/despensafranciscana.com\/de\/wp-json\/wp\/v2\/media?parent=17903"}],"wp:term":[{"taxonomy":"product_brand","embeddable":true,"href":"https:\/\/despensafranciscana.com\/de\/wp-json\/wp\/v2\/product_brand?post=17903"},{"taxonomy":"product_cat","embeddable":true,"href":"https:\/\/despensafranciscana.com\/de\/wp-json\/wp\/v2\/product_cat?post=17903"},{"taxonomy":"product_tag","embeddable":true,"href":"https:\/\/despensafranciscana.com\/de\/wp-json\/wp\/v2\/product_tag?post=17903"}],"curies":[{"name":"wp","href":"https:\/\/api.w.org\/{rel}","templated":true}]}}

<p>Cada frasco representa uma viagem ao coração da gastronomia alentejana.<br />
Produzidos pelo reconhecido Chef José Júlio Vintém, estas iguarias são feitas com base em receitas tradicionais e regionais, com o compromisso de oferecer um sabor autêntico.<br />
Sem corantes ou conservantes artificiais, cada frasco reflete a pureza e o respeito pelos ingredientes de qualidade.<br />
Existe um grande cuidado na conservação graças ao uso de vinagres, pasteurização e um fecho em vácuo, garantindo que cada sabor chegue a cada mesa com a máxima frescura.<br />
Este produto poder ser usado como aperitivo, acompanhado de pão ou tostas ou como prato principal com arroz, massa ou como empada.</p>

<!-- This site is optimized with the Yoast SEO plugin v27.4 - https://yoast.com/product/yoast-seo-wordpress/ -->
<title>Fraca de Escabeche - Despensa Franciscana</title>
<meta name="robots" content="index, follow, max-snippet:-1, max-image-preview:large, max-video-preview:-1" />
<link rel="canonical" href="https://despensafranciscana.com/de/loja/fraca-de-escabeche/" />
<meta property="og:locale" content="de_DE" />
<meta property="og:type" content="article" />
<meta property="og:title" content="Fraca de Escabeche - Despensa Franciscana" />
<meta property="og:description" content="Cada frasco representa uma viagem ao coração da gastronomia alentejana. Produzidos pelo reconhecido Chef José Júlio Vintém, estas iguarias são feitas com base em receitas tradicionais e regionais, com o compromisso de oferecer um sabor autêntico. Sem corantes ou conservantes artificiais, cada frasco reflete a pureza e o respeito pelos ingredientes de qualidade. Existe um grande cuidado na conservação graças ao uso de vinagres, pasteurização e um fecho em vácuo, garantindo que cada sabor chegue a cada mesa com a máxima frescura. Este produto poder ser usado como aperitivo, acompanhado de pão ou tostas ou como prato principal com arroz, massa ou como empada." />
<meta property="og:url" content="https://despensafranciscana.com/de/loja/fraca-de-escabeche/" />
<meta property="og:site_name" content="Despensa Franciscana" />
<meta property="article:publisher" content="https://www.facebook.com/despensafranciscana/" />
<meta property="article:modified_time" content="2026-04-22T18:38:19+00:00" />
<meta property="og:image" content="https://despensafranciscana.com/wp-content/uploads/2026/03/3.jpg" />
	<meta property="og:image:width" content="899" />
	<meta property="og:image:height" content="899" />
	<meta property="og:image:type" content="image/jpeg" />
<meta name="twitter:card" content="summary_large_image" />
<meta name="twitter:label1" content="Geschätzte Lesezeit" />
	<meta name="twitter:data1" content="1 Minute" />
<script type="application/ld+json" class="yoast-schema-graph">{"@context":"https:\/\/schema.org","@graph":[{"@type":"WebPage","@id":"https:\/\/despensafranciscana.com\/loja\/fraca-de-escabeche\/","url":"https:\/\/despensafranciscana.com\/loja\/fraca-de-escabeche\/","name":"Fraca de Escabeche - Despensa Franciscana","isPartOf":{"@id":"https:\/\/despensafranciscana.com\/#website"},"primaryImageOfPage":{"@id":"https:\/\/despensafranciscana.com\/loja\/fraca-de-escabeche\/#primaryimage"},"image":{"@id":"https:\/\/despensafranciscana.com\/loja\/fraca-de-escabeche\/#primaryimage"},"thumbnailUrl":"https:\/\/despensafranciscana.com\/wp-content\/uploads\/2026\/03\/3.jpg","datePublished":"2021-05-20T09:00:26+00:00","dateModified":"2026-04-22T18:38:19+00:00","breadcrumb":{"@id":"https:\/\/despensafranciscana.com\/loja\/fraca-de-escabeche\/#breadcrumb"},"inLanguage":"de","potentialAction":[{"@type":"ReadAction","target":["https:\/\/despensafranciscana.com\/loja\/fraca-de-escabeche\/"]}]},{"@type":"ImageObject","inLanguage":"de","@id":"https:\/\/despensafranciscana.com\/loja\/fraca-de-escabeche\/#primaryimage","url":"https:\/\/despensafranciscana.com\/wp-content\/uploads\/2026\/03\/3.jpg","contentUrl":"https:\/\/despensafranciscana.com\/wp-content\/uploads\/2026\/03\/3.jpg","width":899,"height":899},{"@type":"BreadcrumbList","@id":"https:\/\/despensafranciscana.com\/loja\/fraca-de-escabeche\/#breadcrumb","itemListElement":[{"@type":"ListItem","position":1,"name":"Início","item":"https:\/\/despensafranciscana.com\/"},{"@type":"ListItem","position":2,"name":"Loja","item":"https:\/\/despensafranciscana.com\/loja\/"},{"@type":"ListItem","position":3,"name":"Fraca de Escabeche"}]},{"@type":"WebSite","@id":"https:\/\/despensafranciscana.com\/#website","url":"https:\/\/despensafranciscana.com\/","name":"Despensa Franciscana","description":"Despensa Franciscana","publisher":{"@id":"https:\/\/despensafranciscana.com\/#organization"},"potentialAction":[{"@type":"SearchAction","target":{"@type":"EntryPoint","urlTemplate":"https:\/\/despensafranciscana.com\/?s={search_term_string}"},"query-input":{"@type":"PropertyValueSpecification","valueRequired":true,"valueName":"search_term_string"}}],"inLanguage":"de"},{"@type":"Organization","@id":"https:\/\/despensafranciscana.com\/#organization","name":"Despensa Franciscana","url":"https:\/\/despensafranciscana.com\/","logo":{"@type":"ImageObject","inLanguage":"de","@id":"https:\/\/despensafranciscana.com\/#\/schema\/logo\/image\/","url":"https:\/\/despensafranciscana.com\/wp-content\/uploads\/2025\/02\/despensa-franciscana-revamp-logos-8.png","contentUrl":"https:\/\/despensafranciscana.com\/wp-content\/uploads\/2025\/02\/despensa-franciscana-revamp-logos-8.png","width":1920,"height":628,"caption":"Despensa Franciscana"},"image":{"@id":"https:\/\/despensafranciscana.com\/#\/schema\/logo\/image\/"},"sameAs":["https:\/\/www.facebook.com\/despensafranciscana\/","https:\/\/www.instagram.com\/despensafranciscana\/"]}]}</script>
<!-- / Yoast SEO plugin. -->

Cada frasco representa uma viagem ao coração da gastronomia alentejana. Produzidos pelo reconhecido Chef José Júlio Vintém, estas iguarias são feitas com base em receitas tradicionais e regionais, com o compromisso de oferecer um sabor autêntico. Sem corantes ou conservantes artificiais, cada frasco reflete a pureza e o respeito pelos ingredientes de qualidade. Existe um grande cuidado na conservação graças ao uso de vinagres, pasteurização e um fecho em vácuo, garantindo que cada sabor chegue a cada mesa com a máxima frescura. Este produto poder ser usado como aperitivo, acompanhado de pão ou tostas ou como prato principal com arroz, massa ou como empada.

Início
